{"id":49,"date":"2025-08-12T17:48:35","date_gmt":"2025-08-12T15:48:35","guid":{"rendered":"https:\/\/nomadbooksagency.com\/?page_id=49"},"modified":"2025-08-31T21:54:41","modified_gmt":"2025-08-31T19:54:41","slug":"accueil","status":"publish","type":"page","link":"https:\/\/nomadbooksagency.com\/","title":{"rendered":"Accueil"},"content":{"rendered":"\n<div class=\"wp-block-group alignfull has-global-padding is-layout-constrained wp-container-core-group-is-layout-0c9c989a wp-block-group-is-layout-constrained\" style=\"min-height:0vh;margin-top:0;margin-bottom:0;padding-top:var(--wp--preset--spacing--70);padding-right:var(--wp--preset--spacing--40);padding-bottom:var(--wp--preset--spacing--70);padding-left:var(--wp--preset--spacing--40)\">\n<div class=\"wp-block-group has-global-padding is-layout-constrained wp-container-core-group-is-layout-346627ba wp-block-group-is-layout-constrained\">\n<p class=\"has-text-align-justify is-style-default has-text-align-justify\">Fond\u00e9e en 2025, Nomad Books Agency accompagne les auteur\u00b7ices \u00e0 diff\u00e9rentes \u00e9tapes, de la recherche d\u2019un \u00e9diteur, au d\u00e9veloppement de projets d\u2019adaptations en tous genres en passant par l\u2019organisation d\u2019\u00e9v\u00e9nements publics.<\/p>\n\n\n\n<div class=\"wp-block-buttons is-content-justification-center is-layout-flex wp-container-core-buttons-is-layout-a89b3969 wp-block-buttons-is-layout-flex\">\n<div class=\"wp-block-button\"><a class=\"wp-block-button__link wp-element-button\" href=\"https:\/\/nomadbooksagency.com\/index.php\/a-propos\/\">En savoir plus<\/a><\/div>\n<\/div>\n<\/div>\n<\/div>\n","protected":false},"excerpt":{"rendered":"<p>Fond\u00e9e en 2025, Nomad Books Agency accompagne les auteur\u00b7ices \u00e0 diff\u00e9rentes \u00e9tapes, de la recherche d\u2019un \u00e9diteur, au d\u00e9veloppement de projets d\u2019adaptations en tous genres en passant par l\u2019organisation d\u2019\u00e9v\u00e9nements publics.<\/p>\n","protected":false},"author":1,"featured_media":101,"parent":0,"menu_order":0,"comment_status":"closed","ping_status":"closed","template":"","meta":{"footnotes":""},"class_list":["post-49","page","type-page","status-publish","has-post-thumbnail","hentry"],"_links":{"self":[{"href":"https:\/\/nomadbooksagency.com\/index.php\/wp-json\/wp\/v2\/pages\/49","targetHints":{"allow":["GET"]}}],"collection":[{"href":"https:\/\/nomadbooksagency.com\/index.php\/wp-json\/wp\/v2\/pages"}],"about":[{"href":"https:\/\/nomadbooksagency.com\/index.php\/wp-json\/wp\/v2\/types\/page"}],"author":[{"embeddable":true,"href":"https:\/\/nomadbooksagency.com\/index.php\/wp-json\/wp\/v2\/users\/1"}],"replies":[{"embeddable":true,"href":"https:\/\/nomadbooksagency.com\/index.php\/wp-json\/wp\/v2\/comments?post=49"}],"version-history":[{"count":7,"href":"https:\/\/nomadbooksagency.com\/index.php\/wp-json\/wp\/v2\/pages\/49\/revisions"}],"predecessor-version":[{"id":259,"href":"https:\/\/nomadbooksagency.com\/index.php\/wp-json\/wp\/v2\/pages\/49\/revisions\/259"}],"wp:featuredmedia":[{"embeddable":true,"href":"https:\/\/nomadbooksagency.com\/index.php\/wp-json\/wp\/v2\/media\/101"}],"wp:attachment":[{"href":"https:\/\/nomadbooksagency.com\/index.php\/wp-json\/wp\/v2\/media?parent=49"}],"curies":[{"name":"wp","href":"https:\/\/api.w.org\/{rel}","templated":true}]}}